rime number?
False
Let n = 199425 - 38212. Is n a composite number?
True
Let z = 738 - -298. Let c = -4220 + z. Is (c/(-80))/((-2)/(-10)) a prime number?
True
Is -3*2147564/6*(-9)/18 composite?
False
Let c(g) = 2*g**3 - g**2 + 6*g - 5. Let h be c(2). Let u = -14 + h. Suppose z + 5*o - 187 = 0, -561 = -3*z - 10*o + u*o. Is z a composite number?
True
Let x(l) = -241*l**2 + l + 6. Let r(t) = -t**2 - t - 1. Let b(j) = -2*r(j) + x(j). Let w(n) be the first derivative of b(n). Is w(-3) a composite number?
True
Suppose 9 = -8*o + 5*o. Let y(m) = -m**3 - 2*m**2 - 3*m - 2. Let a be y(o). Let g(q) = 253*q + 9. Is g(a) a prime number?
True
Suppose -g - 10*g = 44. Let i(w) = 8*w**2 - 2*w - 4. Let q be i(g). Suppose 4*l + q - 5240 = 0. Is l a composite number?
False
Suppose -2*k = 4, -3*a + 4*a = -4*k - 1900. Let r = 6765 + a. Is r composite?
True
Is ((-5 - -7)*2)/(4/412387) a prime number?
True
Let z(n) = 1877*n**2 + 9. Is z(2) a prime number?
True
Let b be 20/24 - 41/6. Is 1758/4*1/b*-4 composite?
False
Suppose -4*r - 5744 = 4*b, -r - 2*b - 1002 = 432. Let a(l) = l**3 + 3*l**2 - l. Let k be a(-3). Is k*r*(-2)/(12 + 0) prime?
True
Let m = 23675 - 11104. Is m a prime number?
False
Let z = -416 + 420. Suppose -3 = -z*w + 5, 3*r + w - 57353 = 0. Is r composite?
True
Suppose -4*w = 6*w - 0*w. Suppose w = -21*h + h + 33020. Is h composite?
True
Let y(g) = -129*g**2 - 3*g + 1. Let u(p) = p + 1. Let d(m) = 2*u(m) + y(m). Let r be d(2). Let b = 1146 + r. Is b a prime number?
True
Suppose -4*m = -5*h - 31, 8*h - 3*h = -3*m - 3. Suppose -5*j - 62 - 228 = 3*g, -m*j + 4*g = 264. Let w = j + 694. Is w prime?
False
Let m = -149 + 151. Suppose -5*r = -m*t - 37873, 3*r + 37849 = 8*r + 4*t. Is r a prime number?
True
Suppose 28 + 18 = 2*x. Suppose 63 - x = 8*m. Suppose 2237 = 5*f + 4*z, -2*f + m*f = 3*z + 1326. Is f a composite number?
True
Let g(o) = 18*o + 287. Let n be g(-16). Let r(p) = 22603*p**2 + 10*p + 10. Is r(n) composite?
True
Let z(v) = 81*v**2 + 80*v - 70. Is z(19) prime?
False
Let x(n) = n + 2. Let t be x(6). Let w(r) = r**3 - 9*r**2 + 12*r - 24. Let g be w(t). Is g/(32/7476)*(-2)/(-6) prime?
False
Suppose -3*h - 28 - 5 = 0. Let b(r) = -3*r**3 - 14*r**2 - 3*r + 39. Is b(h) a composite number?
False
Let l be 6381/(-45)*(-1 - 4). Is 4/18 - l/(-9) a prime number?
True
Suppose -5*p = -6*n - 889 - 22, 5*p + n = 939. Suppose 4*w + p = 5*r + 1479, 3*r + 323 = w. Is w prime?
False
Let s = -187 - -85. Let n = s - -100. Is 422*(-4)/16*4/n a composite number?
False
Suppose 324*k = 323*k + 7981. Is k a composite number?
True
Suppose 1 = -d, 0*d + d - 3 = -y. Suppose -17977 = -5*w - y*t, -4*w + t + 14360 = -3*t. Is w a composite number?
False
Suppose x - 4*a - 11321 = -2*a, x - 11300 = 5*a. Is x prime?
False
Is (6214/1195)/(4/31630) a prime number?
False
Let c(s) = -s**3 - 8*s**2 - 7*s + 6. Let l be c(-7). Let j(m) = m**2 - 4*m + 2. Let w be j(l). Suppose 11 = -5*n - w, -83 = -3*y + n. Is y composite?
True
Suppose 0 = w + 1, -2*a - 3*w = w - 90. Suppose -a*b = -43*b - 40. Is 2/((5/b)/((-3508)/(-16))) a composite number?
False
Suppose -73*a - 126160 = -81*a. Suppose 5*t - p - 19714 = 0, 2*p = 10*t - 6*t - a. Is t a prime number?
True
Let s = 761 - 1941. Let p = 2241 - s. Is p prime?
False
Let g be (19 + -9)*((3 - 6) + 26). Let c(x) = x**3 + 10*x**2 - x + 5. Let f be c(-7). Let o = f + g. Is o a composite number?
False
Let d(a) = a**3 - 9*a**2 - 8*a - 14. Let q be d(10). Is (-12)/(-18)*q - -2742 a composite number?
True
Let w(d) = -d**3 + 71*d**2 + 41*d + 127. Is w(38) a prime number?
False
Let t(d) = 107*d + 30. Suppose 3*k + 11 = 2*n + 2, -k = 1. Suppose -2 = 4*i - 3*i, -n*b = 4*i - 13. Is t(b) a prime number?
False
Suppose 10388597 - 650067 = 10*f. Is f a prime number?
True
Let j = 67 - 73. Let w(b) = -7*b**3 - 2*b**2 + 7*b + 7. Let q(p) = -6*p**3 - 3*p**2 + 6*p + 7. Let m(g) = j*q(g) + 5*w(g). Is m(6) a prime number?
True
Let f be 26/(-12) + 4/24. Let j be (3/f)/((-2)/24). Suppose -986 = -j*z + 16*z. Is z a prime number?
False
Let t(c) = -77*c**2 - 2*c. Let q be t(7). Let w = q + 7467. Let n = 5311 - w. Is n prime?
False
Suppose 125*x - 47945 = 124*x + 4*j, 5*x = -j + 239599. Is x prime?
False
Suppose 2*v - r = 4735279, 7*v - 4*r = -2*r + 16573481. Is v a prime number?
False
Let n(i) = -7528*i + 6623. Is n(-95) prime?
True
Suppose 0 = -428*o + 428*o - 5*y, 5*o = -y + 16465. Is o a composite number?
True
Let b(u) be the second derivative of u**3 - 14*u**2 - 14*u. Let f be b(11). Suppose -36*g + f*g = 6610. Is g a prime number?
False
Let g(v) = -5*v**2 + 35*v + 3. Let k be g(7). Suppose -4*r + 1798 = l + l, 4*l + k*r - 3596 = 0. Is l a composite number?
True
Let c(o) = -o**2 - 17*o - 35. Let l be c(-14). Let d(h) = 5*h - 30. Let u be d(l). Suppose -2*z = 2*x - 450, u*x + 0*z - 1133 = 3*z. Is x prime?
False
Suppose 2*t + 2*m = 83162, -5*t - 3*m - 83162 = -7*t. Is t a composite number?
True
Is (-7)/28*-8 - (-52373 + 8) a composite number?
True
Suppose 5*u - 426157 = -5*f - 101907, 0 = -2*u - 7*f + 129735. Is u composite?
True
Suppose 19*m + 12 = 21*m. Suppose -47822 = -4*g + 5*p, -4*g - 3*p + m*p + 47818 = 0. Is g prime?
True
Suppose n - 5*g = -8*g - 1, 0 = -4*g. Let h(c) = 190*c**2 - 4*c - 3. Is h(n) prime?
True
Let w(g) be the first derivative of g**4/4 + 3*g**3 + 3*g**2/2 + 11*g - 19. Let y = 11 - 19. Is w(y) a prime number?
False
Let j = 112 - 109. Suppose -j*o + 18593 = -4*m + 2*m, 6193 = o + 4*m. Is o prime?
True
Suppose 14*g - 9*g - 4*v - 92 = 0, -4*g - 3*v = -55. Is g/(-40) - (191034/(-10) + 0) a prime number?
False
Suppose 65*t = 27266315 - 14840255 + 25337705. Is t a prime number?
True
Let m = -229183 - -563786. Is m a prime number?
True
Let a(j) = 2*j**2 + 25*j - 8. Let n be a(-13). Suppose -k = n*k + 336. Is 4*(8/(-28) + (-34134)/k) a prime number?
True
Let v = 15 - 9. Suppose v*n = -2*n - 2*n. Is n/(-1) + (91 - 2) composite?
False
Let q = 147535 + -89696. Is q composite?
False
Let s be -2 - (-5)/((-10)/(-8)) - -2. Let k be (-4)/(-16) - 2737/s. Let w = 5105 + k. Is w composite?
False
Suppose -4*h = -5*h - 11*h. Suppose h = 47*r - 48*r + 352. Suppose 2*u - 2*p - 182 = 0, -u - r = -5*u - 2*p. Is u a prime number?
True
Suppose -11*c + 20*c + 2124 = 0. Let h be 20/(-3)*144/(-40). Is 10*c/h*-3 composite?
True
Is (-18)/(-6) + (7 - -68076) - 8 a composite number?
True
Suppose -7*o - 2*a = -4*o - 10, 5*a = 10. Is (o + -9)*(-290380)/140 composite?
False
Let m be (3/2)/(-2 - (-22)/8). Let l(d) = 25*d**3 - 31 - 24*d**3 - 7*d**2 - 23*d + 23*d**m. Is l(-16) a prime number?
True
Suppose 4*v = 3*b + 6875135, -7*v + 12031509 = -48*b + 46*b. Is v a prime number?
True
Let w = -69 + 66. Let x be 8*-3*w/(-18). Is (-3 + -4*x/8)*-3491 composite?
False
Let i(a) = -a**2 + 11*a - 17. Let u be i(9). Let q be (-2 + u)*(8 + -8). Suppose q = 2*b - 288 - 82. Is b a composite number?
True
Suppose 2*t - 30113 = -q, 0 = -3*q + 5*t + 75600 + 14684. Is q prime?
True
Suppose -2*t = -t - 37. Suppose t*n - 10229 = 3794. Is n prime?
True
Let x = -9 + 14. Suppose -z + 30 = x*z. Is ((-8)/(-6))/(z - 15412/3084) composite?
True
Suppose -4*m - 54 = -6*m. Suppose 21*l = m*l - 2694. Is l composite?
False
Suppose 0*f + 4 = 2*f, 5*z - f = 8. Suppose z*i - 958 = -3*x, -i - 796 = -4*x + 496. Let y = 625 - x. Is y prime?
False
Let s(o) = 3856*o - 1553. Is s(6) composite?
True
Let t(j) = -73*j**3 - 5*j**2 - 3*j - 14. Let w(p) = 220*p**3 + 15*p**2 + 9*p + 42. Let n(a) = -11*t(a) - 4*w(a). Is n(-3) prime?
True
Let n(h) = 172*h - 180*h + 1 + 459*h. Let v = 137 - 131. Is n(v) a composite number?
False
Let x be 24/(-36) + 1751/3. Let o = x + -42. Is o prime?
True
Suppose 0*p - 42906 = -3*p. Suppose -14*t = -16*t + p. Is t a prime number?
True
Let k be 8/6*(1 - -110). Suppose -5*z - s = -811, -502*s + 498*s = 3*z - 473. Suppose a = 2*g + z, -a + k = -g + 4*g. Is a a composite number?
False
Suppose 2952*q - 2951*q - 5*r = 60641, -3 = r. Is q a prime number?
False
Suppose -25*c + 20*c - 750 = -2*z, 10 = -2*z. Suppose 2*y - 4*l = -450, 0 = 5*y - 0*l + 3*l + 1073. Let i = c - y. Is i composite?
True
Suppose 0 = -4*u + 37 - 29. Suppose 3*i = -4*k + 7608, 0 = 3*k - 0*i + u*i - 5706. Suppose -n = 349 - k. Is n prime?
True
Let h(m) = -84*m + 1694. Let j be h(20). Let r(k) be the third derivative of k**5/60 + 7*k**4/24 + 1